{"id":2094,"date":"2026-01-09T20:20:54","date_gmt":"2026-01-09T18:20:54","guid":{"rendered":"http:\/\/www.ejmoto.com\/?page_id=2094"},"modified":"2026-01-16T12:50:00","modified_gmt":"2026-01-16T10:50:00","slug":"naisten-ajovarusteet-ja-lifestyle-asusteet","status":"publish","type":"page","link":"https:\/\/www.ejmoto.com\/?page_id=2094","title":{"rendered":"Naisten ajovarusteet ja lifestyle asusteet"},"content":{"rendered":"\n<p><a href=\"#wildust\">Wildust Sisters<\/a>  |  <a href=\"#muut\">Muut<\/a>  <\/p>\n\n\n\n<h5 class=\"wp-block-heading\" id=\"wildust\">Wildust ajoasut ja asusteet<\/h5>\n\n\n\n<p class=\"has-extra-small-font-size\">Naisen suunnittelemia ajoasuja ja asusteita naisille Ranskasta. Lis\u00e4\u00e4 Wildust -tuotteista l\u00f6yd\u00e4t <a href=\"http:\/\/www.ejmoto.com\/?page_id=2173\">t\u00e4\u00e4lt\u00e4<\/a>. <\/p>\n\n\n\n<figure class=\"wp-block-gallery has-nested-images columns-default is-cropped wp-block-gallery-1 is-layout-flex wp-block-gallery-is-layout-flex\">\n<figure class=\"wp-block-image size-large\"><img loading=\"lazy\" decoding=\"async\" width=\"1024\" height=\"1024\" data-id=\"2104\" src=\"http:\/\/www.ejmoto.com\/wp-content\/uploads\/2026\/01\/1gantscopy-1024x1024.jpg\" alt=\"\" class=\"wp-image-2104\" srcset=\"https:\/\/www.ejmoto.com\/wp-content\/uploads\/2026\/01\/1gantscopy-1024x1024.jpg 1024w, https:\/\/www.ejmoto.com\/wp-content\/uploads\/2026\/01\/1gantscopy-300x300.jpg 300w, https:\/\/www.ejmoto.com\/wp-content\/uploads\/2026\/01\/1gantscopy-150x150.jpg 150w, https:\/\/www.ejmoto.com\/wp-content\/uploads\/2026\/01\/1gantscopy-768x768.jpg 768w, https:\/\/www.ejmoto.com\/wp-content\/uploads\/2026\/01\/1gantscopy-1100x1100.jpg 1100w, https:\/\/www.ejmoto.com\/wp-content\/uploads\/2026\/01\/1gantscopy-70x70.jpg 70w, https:\/\/www.ejmoto.com\/wp-content\/uploads\/2026\/01\/1gantscopy.jpg 1500w\" sizes=\"auto, (max-width: 1024px) 100vw, 1024px\" \/><figcaption class=\"wp-element-caption\">KP Classic hanskat<\/figcaption><\/figure>\n\n\n\n<figure class=\"wp-block-image size-large\"><img loading=\"lazy\" decoding=\"async\" width=\"1024\" height=\"1024\" data-id=\"2105\" src=\"http:\/\/www.ejmoto.com\/wp-content\/uploads\/2026\/01\/66_n-1024x1024.jpg\" alt=\"\" class=\"wp-image-2105\" srcset=\"https:\/\/www.ejmoto.com\/wp-content\/uploads\/2026\/01\/66_n-1024x1024.jpg 1024w, https:\/\/www.ejmoto.com\/wp-content\/uploads\/2026\/01\/66_n-300x300.jpg 300w, https:\/\/www.ejmoto.com\/wp-content\/uploads\/2026\/01\/66_n-150x150.jpg 150w, https:\/\/www.ejmoto.com\/wp-content\/uploads\/2026\/01\/66_n-768x768.jpg 768w, https:\/\/www.ejmoto.com\/wp-content\/uploads\/2026\/01\/66_n-1536x1536.jpg 1536w, https:\/\/www.ejmoto.com\/wp-content\/uploads\/2026\/01\/66_n-1100x1100.jpg 1100w, https:\/\/www.ejmoto.com\/wp-content\/uploads\/2026\/01\/66_n-70x70.jpg 70w, https:\/\/www.ejmoto.com\/wp-content\/uploads\/2026\/01\/66_n.jpg 2048w\" sizes=\"auto, (max-width: 1024px) 100vw, 1024px\" \/><figcaption class=\"wp-element-caption\">KP Sunclaw ajohanskat<\/figcaption><\/figure>\n\n\n\n<figure class=\"wp-block-image size-large\"><img loading=\"lazy\" decoding=\"async\" width=\"994\" height=\"994\" data-id=\"2113\" src=\"http:\/\/www.ejmoto.com\/wp-content\/uploads\/2026\/01\/wdgantsbrwn.jpg\" alt=\"\" class=\"wp-image-2113\" srcset=\"https:\/\/www.ejmoto.com\/wp-content\/uploads\/2026\/01\/wdgantsbrwn.jpg 994w, https:\/\/www.ejmoto.com\/wp-content\/uploads\/2026\/01\/wdgantsbrwn-300x300.jpg 300w, https:\/\/www.ejmoto.com\/wp-content\/uploads\/2026\/01\/wdgantsbrwn-150x150.jpg 150w, https:\/\/www.ejmoto.com\/wp-content\/uploads\/2026\/01\/wdgantsbrwn-768x768.jpg 768w, https:\/\/www.ejmoto.com\/wp-content\/uploads\/2026\/01\/wdgantsbrwn-70x70.jpg 70w\" sizes=\"auto, (max-width: 994px) 100vw, 994px\" \/><figcaption class=\"wp-element-caption\">70&#8217;s Stripes Camel ajohanskat<\/figcaption><\/figure>\n\n\n\n<figure class=\"wp-block-image size-large\"><img loading=\"lazy\" decoding=\"async\" width=\"1024\" height=\"1024\" data-id=\"2106\" src=\"http:\/\/www.ejmoto.com\/wp-content\/uploads\/2026\/01\/14-copiy-1024x1024.jpg\" alt=\"\" class=\"wp-image-2106\" srcset=\"https:\/\/www.ejmoto.com\/wp-content\/uploads\/2026\/01\/14-copiy-1024x1024.jpg 1024w, https:\/\/www.ejmoto.com\/wp-content\/uploads\/2026\/01\/14-copiy-300x300.jpg 300w, https:\/\/www.ejmoto.com\/wp-content\/uploads\/2026\/01\/14-copiy-150x150.jpg 150w, https:\/\/www.ejmoto.com\/wp-content\/uploads\/2026\/01\/14-copiy-768x768.jpg 768w, https:\/\/www.ejmoto.com\/wp-content\/uploads\/2026\/01\/14-copiy-1536x1536.jpg 1536w, https:\/\/www.ejmoto.com\/wp-content\/uploads\/2026\/01\/14-copiy-2048x2048.jpg 2048w, https:\/\/www.ejmoto.com\/wp-content\/uploads\/2026\/01\/14-copiy-1100x1100.jpg 1100w, https:\/\/www.ejmoto.com\/wp-content\/uploads\/2026\/01\/14-copiy-70x70.jpg 70w\" sizes=\"auto, (max-width: 1024px) 100vw, 1024px\" \/><figcaption class=\"wp-element-caption\">Pioneer ajotakki<\/figcaption><\/figure>\n\n\n\n<figure class=\"wp-block-image size-large\"><img loading=\"lazy\" decoding=\"async\" width=\"1024\" height=\"1024\" data-id=\"2107\" src=\"http:\/\/www.ejmoto.com\/wp-content\/uploads\/2026\/01\/27-copy-1024x1024.jpg\" alt=\"\" class=\"wp-image-2107\" srcset=\"https:\/\/www.ejmoto.com\/wp-content\/uploads\/2026\/01\/27-copy-1024x1024.jpg 1024w, https:\/\/www.ejmoto.com\/wp-content\/uploads\/2026\/01\/27-copy-300x300.jpg 300w, https:\/\/www.ejmoto.com\/wp-content\/uploads\/2026\/01\/27-copy-150x150.jpg 150w, https:\/\/www.ejmoto.com\/wp-content\/uploads\/2026\/01\/27-copy-768x768.jpg 768w, https:\/\/www.ejmoto.com\/wp-content\/uploads\/2026\/01\/27-copy-1536x1536.jpg 1536w, https:\/\/www.ejmoto.com\/wp-content\/uploads\/2026\/01\/27-copy-2048x2048.jpg 2048w, https:\/\/www.ejmoto.com\/wp-content\/uploads\/2026\/01\/27-copy-1100x1100.jpg 1100w, https:\/\/www.ejmoto.com\/wp-content\/uploads\/2026\/01\/27-copy-70x70.jpg 70w\" sizes=\"auto, (max-width: 1024px) 100vw, 1024px\" \/><figcaption class=\"wp-element-caption\">Moto Witches teepaita<\/figcaption><\/figure>\n\n\n\n<figure class=\"wp-block-image size-large\"><img loading=\"lazy\" decoding=\"async\" width=\"1024\" height=\"1024\" data-id=\"2108\" src=\"http:\/\/www.ejmoto.com\/wp-content\/uploads\/2026\/01\/36_n-1024x1024.jpg\" alt=\"\" class=\"wp-image-2108\" srcset=\"https:\/\/www.ejmoto.com\/wp-content\/uploads\/2026\/01\/36_n-1024x1024.jpg 1024w, https:\/\/www.ejmoto.com\/wp-content\/uploads\/2026\/01\/36_n-300x300.jpg 300w, https:\/\/www.ejmoto.com\/wp-content\/uploads\/2026\/01\/36_n-150x150.jpg 150w, https:\/\/www.ejmoto.com\/wp-content\/uploads\/2026\/01\/36_n-768x768.jpg 768w, https:\/\/www.ejmoto.com\/wp-content\/uploads\/2026\/01\/36_n-1100x1100.jpg 1100w, https:\/\/www.ejmoto.com\/wp-content\/uploads\/2026\/01\/36_n-70x70.jpg 70w, https:\/\/www.ejmoto.com\/wp-content\/uploads\/2026\/01\/36_n.jpg 1500w\" sizes=\"auto, (max-width: 1024px) 100vw, 1024px\" \/><figcaption class=\"wp-element-caption\">Nomad huivi<\/figcaption><\/figure>\n\n\n\n<figure class=\"wp-block-image size-large\"><img loading=\"lazy\" decoding=\"async\" width=\"1024\" height=\"1024\" data-id=\"2109\" src=\"http:\/\/www.ejmoto.com\/wp-content\/uploads\/2026\/01\/52-copy-1024x1024.jpg\" alt=\"\" class=\"wp-image-2109\" srcset=\"https:\/\/www.ejmoto.com\/wp-content\/uploads\/2026\/01\/52-copy-1024x1024.jpg 1024w, https:\/\/www.ejmoto.com\/wp-content\/uploads\/2026\/01\/52-copy-300x300.jpg 300w, https:\/\/www.ejmoto.com\/wp-content\/uploads\/2026\/01\/52-copy-150x150.jpg 150w, https:\/\/www.ejmoto.com\/wp-content\/uploads\/2026\/01\/52-copy-768x768.jpg 768w, https:\/\/www.ejmoto.com\/wp-content\/uploads\/2026\/01\/52-copy-1100x1100.jpg 1100w, https:\/\/www.ejmoto.com\/wp-content\/uploads\/2026\/01\/52-copy-70x70.jpg 70w, https:\/\/www.ejmoto.com\/wp-content\/uploads\/2026\/01\/52-copy.jpg 1500w\" sizes=\"auto, (max-width: 1024px) 100vw, 1024px\" \/><figcaption class=\"wp-element-caption\">Moto Therapy huivi<\/figcaption><\/figure>\n\n\n\n<figure class=\"wp-block-image size-large\"><img loading=\"lazy\" decoding=\"async\" width=\"1024\" height=\"1024\" data-id=\"2110\" src=\"http:\/\/www.ejmoto.com\/wp-content\/uploads\/2026\/01\/59-copy-1024x1024.jpg\" alt=\"\" class=\"wp-image-2110\" srcset=\"https:\/\/www.ejmoto.com\/wp-content\/uploads\/2026\/01\/59-copy-1024x1024.jpg 1024w, https:\/\/www.ejmoto.com\/wp-content\/uploads\/2026\/01\/59-copy-300x300.jpg 300w, https:\/\/www.ejmoto.com\/wp-content\/uploads\/2026\/01\/59-copy-150x150.jpg 150w, https:\/\/www.ejmoto.com\/wp-content\/uploads\/2026\/01\/59-copy-768x768.jpg 768w, https:\/\/www.ejmoto.com\/wp-content\/uploads\/2026\/01\/59-copy-1100x1100.jpg 1100w, https:\/\/www.ejmoto.com\/wp-content\/uploads\/2026\/01\/59-copy-70x70.jpg 70w, https:\/\/www.ejmoto.com\/wp-content\/uploads\/2026\/01\/59-copy.jpg 1500w\" sizes=\"auto, (max-width: 1024px) 100vw, 1024px\" \/><figcaption class=\"wp-element-caption\">Pioneer ajotakki<\/figcaption><\/figure>\n\n\n\n<figure class=\"wp-block-image size-large\"><img loading=\"lazy\" decoding=\"async\" width=\"1024\" height=\"1024\" data-id=\"2111\" src=\"http:\/\/www.ejmoto.com\/wp-content\/uploads\/2026\/01\/60-copy-1024x1024.jpg\" alt=\"\" class=\"wp-image-2111\" srcset=\"https:\/\/www.ejmoto.com\/wp-content\/uploads\/2026\/01\/60-copy-1024x1024.jpg 1024w, https:\/\/www.ejmoto.com\/wp-content\/uploads\/2026\/01\/60-copy-300x300.jpg 300w, https:\/\/www.ejmoto.com\/wp-content\/uploads\/2026\/01\/60-copy-150x150.jpg 150w, https:\/\/www.ejmoto.com\/wp-content\/uploads\/2026\/01\/60-copy-768x768.jpg 768w, https:\/\/www.ejmoto.com\/wp-content\/uploads\/2026\/01\/60-copy-1100x1100.jpg 1100w, https:\/\/www.ejmoto.com\/wp-content\/uploads\/2026\/01\/60-copy-70x70.jpg 70w, https:\/\/www.ejmoto.com\/wp-content\/uploads\/2026\/01\/60-copy.jpg 1500w\" sizes=\"auto, (max-width: 1024px) 100vw, 1024px\" \/><figcaption class=\"wp-element-caption\">Gargo Overland ajohousut<\/figcaption><\/figure>\n\n\n\n<figure class=\"wp-block-image size-large\"><img loading=\"lazy\" decoding=\"async\" width=\"1024\" height=\"1024\" data-id=\"2112\" src=\"http:\/\/www.ejmoto.com\/wp-content\/uploads\/2026\/01\/122-copy-1024x1024.jpg\" alt=\"\" class=\"wp-image-2112\" srcset=\"https:\/\/www.ejmoto.com\/wp-content\/uploads\/2026\/01\/122-copy-1024x1024.jpg 1024w, https:\/\/www.ejmoto.com\/wp-content\/uploads\/2026\/01\/122-copy-300x300.jpg 300w, https:\/\/www.ejmoto.com\/wp-content\/uploads\/2026\/01\/122-copy-150x150.jpg 150w, https:\/\/www.ejmoto.com\/wp-content\/uploads\/2026\/01\/122-copy-768x768.jpg 768w, https:\/\/www.ejmoto.com\/wp-content\/uploads\/2026\/01\/122-copy-1100x1100.jpg 1100w, https:\/\/www.ejmoto.com\/wp-content\/uploads\/2026\/01\/122-copy-70x70.jpg 70w, https:\/\/www.ejmoto.com\/wp-content\/uploads\/2026\/01\/122-copy.jpg 1500w\" sizes=\"auto, (max-width: 1024px) 100vw, 1024px\" \/><figcaption class=\"wp-element-caption\">Jumper Classic <\/figcaption><\/figure>\n<\/figure>\n\n\n\n<div class=\"wp-block-columns is-layout-flex wp-container-core-columns-is-layout-9d6595d7 wp-block-columns-is-layout-flex\">\n<div class=\"wp-block-column is-layout-flow wp-block-column-is-layout-flow\"><\/div>\n\n\n\n<div class=\"wp-block-column is-layout-flow wp-block-column-is-layout-flow\"><\/div>\n\n\n\n<div class=\"wp-block-column is-layout-flow wp-block-column-is-layout-flow\"><\/div>\n<\/div>\n\n\n\n<p class=\"has-text-align-center\"><em>RIDE LIKE A GIRL<\/em><\/p>\n\n\n<div class=\"wp-block-image\">\n<figure class=\"aligncenter size-large\"><img loading=\"lazy\" decoding=\"async\" width=\"1024\" height=\"1024\" src=\"http:\/\/www.ejmoto.com\/wp-content\/uploads\/2026\/01\/Copie-de-13-1024x1024.jpg\" alt=\"\" class=\"wp-image-2139\" srcset=\"https:\/\/www.ejmoto.com\/wp-content\/uploads\/2026\/01\/Copie-de-13-1024x1024.jpg 1024w, https:\/\/www.ejmoto.com\/wp-content\/uploads\/2026\/01\/Copie-de-13-300x300.jpg 300w, https:\/\/www.ejmoto.com\/wp-content\/uploads\/2026\/01\/Copie-de-13-150x150.jpg 150w, https:\/\/www.ejmoto.com\/wp-content\/uploads\/2026\/01\/Copie-de-13-768x768.jpg 768w, https:\/\/www.ejmoto.com\/wp-content\/uploads\/2026\/01\/Copie-de-13-70x70.jpg 70w, https:\/\/www.ejmoto.com\/wp-content\/uploads\/2026\/01\/Copie-de-13.jpg 1080w\" sizes=\"auto, (max-width: 1024px) 100vw, 1024px\" \/><\/figure>\n<\/div>\n\n\n<p class=\"has-extra-small-font-size\">Tyyli\u00e4, vapautta ja suojaa. Ajoasuja ja asusteita naisille jotka ajavat ja seikkailevat moottoripy\u00f6r\u00e4n sel\u00e4ss\u00e4 omalla tyylill\u00e4\u00e4n. Ajoasuissa jotka eiv\u00e4t v\u00e4ltt\u00e4m\u00e4tt\u00e4 n\u00e4yt\u00e4 perinteisilt\u00e4 ajoasuilta, mutta joista silti l\u00f6ytyy CE-hyv\u00e4ksytyt suojaukset.  Lis\u00e4n\u00e4 samanhenkiset asusteet, jotka toimivat sek\u00e4 ajon aikana ett\u00e4 sen j\u00e4lkeen.<\/p>\n\n\n\n<hr class=\"wp-block-separator has-text-color has-primary-color has-alpha-channel-opacity has-primary-background-color has-background is-style-wide\"\/>\n\n\n\n<h5 class=\"wp-block-heading\" id=\"muut\">Muut tuotteet<\/h5>\n\n\n\n<p class=\"has-extra-small-font-size\">Tarjonta voi vaihdella ajoittain, useimpia l\u00f6ytyy koko ajan varastosta. Myym\u00e4l\u00e4ss\u00e4 my\u00f6s muita yksitt\u00e4isi\u00e4 tarjoustuotteita. <br>Uusia lis\u00e4t\u00e4\u00e4n tai poistetaan saatavuuden, kysynn\u00e4n ja menekin mukaan.<br>Tuotteet toistaiseksi vain myym\u00e4l\u00e4st\u00e4.<\/p>\n\n\n\n<div class=\"wp-block-columns is-layout-flex wp-container-core-columns-is-layout-9d6595d7 wp-block-columns-is-layout-flex\">\n<div class=\"wp-block-column is-layout-flow wp-block-column-is-layout-flow\">\n<figure class=\"wp-block-image size-full\"><a href=\"http:\/\/www.ejmoto.com\/wp-content\/uploads\/2025\/10\/Jeggins2.jpg\"><img loading=\"lazy\" decoding=\"async\" width=\"650\" height=\"650\" src=\"http:\/\/www.ejmoto.com\/wp-content\/uploads\/2025\/09\/942367bk.jpg\" alt=\"\" class=\"wp-image-1972\" srcset=\"https:\/\/www.ejmoto.com\/wp-content\/uploads\/2025\/09\/942367bk.jpg 650w, https:\/\/www.ejmoto.com\/wp-content\/uploads\/2025\/09\/942367bk-300x300.jpg 300w, https:\/\/www.ejmoto.com\/wp-content\/uploads\/2025\/09\/942367bk-150x150.jpg 150w, https:\/\/www.ejmoto.com\/wp-content\/uploads\/2025\/09\/942367bk-70x70.jpg 70w\" sizes=\"auto, (max-width: 650px) 100vw, 650px\" \/><\/a><\/figure>\n\n\n\n<p class=\"has-extra-small-font-size\"><strong>Motogirl Melissa Jegging Blue<\/strong><br>Denim-ajolegginsit naisille<br>CE-hyv\u00e4ksynt\u00e4, vahvistettu sis\u00e4kangas strategisissa paikoissa<br>Polvisuojat mukana<\/p>\n\n\n\n<p>Hinta 175 \u20ac<\/p>\n<\/div>\n\n\n\n<div class=\"wp-block-column is-layout-flow wp-block-column-is-layout-flow\">\n<figure class=\"wp-block-image size-full\"><a href=\"http:\/\/www.ejmoto.com\/wp-content\/uploads\/2025\/10\/SDQH0450.jpg\"><img loading=\"lazy\" decoding=\"async\" width=\"650\" height=\"650\" src=\"http:\/\/www.ejmoto.com\/wp-content\/uploads\/2025\/03\/574438k-1.jpg\" alt=\"\" class=\"wp-image-1525\" srcset=\"https:\/\/www.ejmoto.com\/wp-content\/uploads\/2025\/03\/574438k-1.jpg 650w, https:\/\/www.ejmoto.com\/wp-content\/uploads\/2025\/03\/574438k-1-300x300.jpg 300w, https:\/\/www.ejmoto.com\/wp-content\/uploads\/2025\/03\/574438k-1-150x150.jpg 150w, https:\/\/www.ejmoto.com\/wp-content\/uploads\/2025\/03\/574438k-1-70x70.jpg 70w\" sizes=\"auto, (max-width: 650px) 100vw, 650px\" \/><\/a><\/figure>\n\n\n\n<p class=\"has-extra-small-font-size\"><strong>John Doe Betty Biker ajofarkut<\/strong><br>Slim fit, mid cut vy\u00f6t\u00e4r\u00f6<br>V\u00e4ri harmaa<br>Vett\u00e4hylkiv\u00e4\u00e4 mutta hengitt\u00e4v\u00e4\u00e4 XTM-Fiber\u00ae materiaalia<br>Joustava resori polvien yl\u00e4puolella ja alasel\u00e4ss\u00e4<br>CE-sertifioitu<\/p>\n\n\n\n<p>Hinta 265 \u20ac<\/p>\n<\/div>\n\n\n\n<div class=\"wp-block-column is-layout-flow wp-block-column-is-layout-flow\">\n<figure class=\"wp-block-image size-full\"><img loading=\"lazy\" decoding=\"async\" width=\"650\" height=\"650\" src=\"http:\/\/www.ejmoto.com\/wp-content\/uploads\/2025\/03\/947900k.jpg\" alt=\"\" class=\"wp-image-1403\" srcset=\"https:\/\/www.ejmoto.com\/wp-content\/uploads\/2025\/03\/947900k.jpg 650w, https:\/\/www.ejmoto.com\/wp-content\/uploads\/2025\/03\/947900k-300x300.jpg 300w, https:\/\/www.ejmoto.com\/wp-content\/uploads\/2025\/03\/947900k-150x150.jpg 150w, https:\/\/www.ejmoto.com\/wp-content\/uploads\/2025\/03\/947900k-70x70.jpg 70w\" sizes=\"auto, (max-width: 650px) 100vw, 650px\" \/><\/figure>\n\n\n\n<p class=\"has-extra-small-font-size\"><strong>By City High Straight ajohousut<\/strong><br>Mustat suorat ajohousut<br>Joustavaa puuvilla ja Aramid-kuitua<br>Irrotettavat polvisuojat<\/p>\n\n\n\n<p>Hinta 230 \u20ac<\/p>\n<\/div>\n<\/div>\n\n\n\n<div class=\"wp-block-columns is-layout-flex wp-container-core-columns-is-layout-9d6595d7 wp-block-columns-is-layout-flex\">\n<div class=\"wp-block-column is-layout-flow wp-block-column-is-layout-flow\">\n<figure class=\"wp-block-image size-full\"><a href=\"http:\/\/www.ejmoto.com\/wp-content\/uploads\/2025\/10\/Beringboots2-scaled.jpg\"><img loading=\"lazy\" decoding=\"async\" width=\"650\" height=\"650\" src=\"http:\/\/www.ejmoto.com\/wp-content\/uploads\/2025\/09\/937826k.jpg\" alt=\"\" class=\"wp-image-1971\" srcset=\"https:\/\/www.ejmoto.com\/wp-content\/uploads\/2025\/09\/937826k.jpg 650w, https:\/\/www.ejmoto.com\/wp-content\/uploads\/2025\/09\/937826k-300x300.jpg 300w, https:\/\/www.ejmoto.com\/wp-content\/uploads\/2025\/09\/937826k-150x150.jpg 150w, https:\/\/www.ejmoto.com\/wp-content\/uploads\/2025\/09\/937826k-70x70.jpg 70w\" sizes=\"auto, (max-width: 650px) 100vw, 650px\" \/><\/a><\/figure>\n\n\n\n<p class=\"has-extra-small-font-size\"><strong>Bering Lady Storia ajokeng\u00e4t<\/strong><br>Tyylikk\u00e4\u00e4t buutsit <br>Mustaa nahkaa<br>Vetoketju sivussa<\/p>\n\n\n\n<p>Hinta 185 \u20ac<\/p>\n<\/div>\n\n\n\n<div class=\"wp-block-column is-layout-flow wp-block-column-is-layout-flow\">\n<figure class=\"wp-block-image size-full\"><a href=\"http:\/\/www.ejmoto.com\/wp-content\/uploads\/2025\/09\/974821bk.jpg\"><img loading=\"lazy\" decoding=\"async\" width=\"650\" height=\"650\" src=\"http:\/\/www.ejmoto.com\/wp-content\/uploads\/2025\/07\/974821ak.jpg\" alt=\"\" class=\"wp-image-1849\" srcset=\"https:\/\/www.ejmoto.com\/wp-content\/uploads\/2025\/07\/974821ak.jpg 650w, https:\/\/www.ejmoto.com\/wp-content\/uploads\/2025\/07\/974821ak-300x300.jpg 300w, https:\/\/www.ejmoto.com\/wp-content\/uploads\/2025\/07\/974821ak-150x150.jpg 150w, https:\/\/www.ejmoto.com\/wp-content\/uploads\/2025\/07\/974821ak-70x70.jpg 70w\" sizes=\"auto, (max-width: 650px) 100vw, 650px\" \/><\/a><\/figure>\n\n\n\n<p class=\"has-extra-small-font-size\"><strong>Emerica Biltwell Romero keng\u00e4t<\/strong><br>Normaalia skuuttitennaria korkeampi varsi<br>Mukavat yleistennarit, unisex -malli<br>Koot 38-44<\/p>\n\n\n\n<p>Hinta 175 \u20ac<\/p>\n<\/div>\n\n\n\n<div class=\"wp-block-column is-layout-flow wp-block-column-is-layout-flow\">\n<figure class=\"wp-block-image size-full is-resized\"><img loading=\"lazy\" decoding=\"async\" width=\"800\" height=\"1000\" src=\"http:\/\/www.ejmoto.com\/wp-content\/uploads\/2025\/03\/Gloves_Elegant_Lady_Mustard_1.jpg\" alt=\"\" class=\"wp-image-1414\" style=\"aspect-ratio:0.8000110950848774;object-fit:cover;width:213px;height:auto\" srcset=\"https:\/\/www.ejmoto.com\/wp-content\/uploads\/2025\/03\/Gloves_Elegant_Lady_Mustard_1.jpg 800w, https:\/\/www.ejmoto.com\/wp-content\/uploads\/2025\/03\/Gloves_Elegant_Lady_Mustard_1-240x300.jpg 240w, https:\/\/www.ejmoto.com\/wp-content\/uploads\/2025\/03\/Gloves_Elegant_Lady_Mustard_1-768x960.jpg 768w\" sizes=\"auto, (max-width: 800px) 100vw, 800px\" \/><\/figure>\n\n\n\n<p class=\"has-extra-small-font-size\"><strong>By City Elegant hanskat<\/strong><br>CE-hyv\u00e4ksytyt nahkahanskat<br>Ruskeaa nahkaa<br>Nahkavahvikkeet k\u00e4mmenpuolella<br>PVC rystyssuojat<br>Rannenauha, kosketusn\u00e4ytt\u00f6pinta etusormessa<\/p>\n\n\n\n<p>Hinta 71 \u20ac<\/p>\n<\/div>\n<\/div>\n\n\n\n<div class=\"wp-block-columns is-layout-flex wp-container-core-columns-is-layout-9d6595d7 wp-block-columns-is-layout-flex\">\n<div class=\"wp-block-column is-layout-flow wp-block-column-is-layout-flow\">\n<figure class=\"wp-block-image size-large is-resized\"><img loading=\"lazy\" decoding=\"async\" width=\"1168\" height=\"1558\" src=\"http:\/\/www.ejmoto.com\/wp-content\/uploads\/2026\/01\/REV_IT-DARCHA-GREY-2-edited.jpg\" alt=\"\" class=\"wp-image-2137\" style=\"aspect-ratio:0.7496880848409233;width:193px;height:auto\" srcset=\"https:\/\/www.ejmoto.com\/wp-content\/uploads\/2026\/01\/REV_IT-DARCHA-GREY-2-edited.jpg 1168w, https:\/\/www.ejmoto.com\/wp-content\/uploads\/2026\/01\/REV_IT-DARCHA-GREY-2-edited-225x300.jpg 225w, https:\/\/www.ejmoto.com\/wp-content\/uploads\/2026\/01\/REV_IT-DARCHA-GREY-2-edited-768x1024.jpg 768w, https:\/\/www.ejmoto.com\/wp-content\/uploads\/2026\/01\/REV_IT-DARCHA-GREY-2-edited-1152x1536.jpg 1152w, https:\/\/www.ejmoto.com\/wp-content\/uploads\/2026\/01\/REV_IT-DARCHA-GREY-2-edited-1100x1467.jpg 1100w\" sizes=\"auto, (max-width: 1168px) 100vw, 1168px\" \/><\/figure>\n\n\n\n<p class=\"has-extra-small-font-size\"><strong>Royal Enfield Darcha 2 ajotakki<\/strong><br>Rev&#8217;itin valmistama touring-ajotakki<br>S\u00e4\u00e4nkest\u00e4v\u00e4<br>Harmaa-musta punaisilla raidoilla<\/p>\n\n\n\n<p>Hinta 280 \u20ac<\/p>\n<\/div>\n\n\n\n<div class=\"wp-block-column is-layout-flow wp-block-column-is-layout-flow\"><\/div>\n\n\n\n<div class=\"wp-block-column is-layout-flow wp-block-column-is-layout-flow\">\n<figure class=\"wp-block-image size-full\"><img loading=\"lazy\" decoding=\"async\" width=\"800\" height=\"800\" src=\"http:\/\/www.ejmoto.com\/wp-content\/uploads\/2026\/01\/TSS250048-AOP-T-Shirt-Black-3_270325091600.jpg\" alt=\"\" class=\"wp-image-2136\" srcset=\"https:\/\/www.ejmoto.com\/wp-content\/uploads\/2026\/01\/TSS250048-AOP-T-Shirt-Black-3_270325091600.jpg 800w, https:\/\/www.ejmoto.com\/wp-content\/uploads\/2026\/01\/TSS250048-AOP-T-Shirt-Black-3_270325091600-300x300.jpg 300w, https:\/\/www.ejmoto.com\/wp-content\/uploads\/2026\/01\/TSS250048-AOP-T-Shirt-Black-3_270325091600-150x150.jpg 150w, https:\/\/www.ejmoto.com\/wp-content\/uploads\/2026\/01\/TSS250048-AOP-T-Shirt-Black-3_270325091600-768x768.jpg 768w, https:\/\/www.ejmoto.com\/wp-content\/uploads\/2026\/01\/TSS250048-AOP-T-Shirt-Black-3_270325091600-70x70.jpg 70w\" sizes=\"auto, (max-width: 800px) 100vw, 800px\" \/><\/figure>\n\n\n\n<p class=\"has-extra-small-font-size\"><strong>Royal Enfield teepaita<\/strong><br>Useita eri tyylej\u00e4 ja v\u00e4rej\u00e4<\/p>\n\n\n\n<p>Hinta 35 \u20ac<\/p>\n<\/div>\n<\/div>\n\n\n\n<hr class=\"wp-block-separator has-text-color has-primary-color has-alpha-channel-opacity has-primary-background-color has-background is-style-wide\"\/>\n\n\n\n<p><a href=\"#wildust\">Takaisin sivun alkuun<\/a><\/p>\n","protected":false},"excerpt":{"rendered":"<p>Wildust Sisters | Muut Wildust ajoasut ja asusteet Naisen suunnittelemia ajoasuja ja asusteita naisille Ranskasta. Lis\u00e4\u00e4 Wildust -tuotteista l\u00f6yd\u00e4t t\u00e4\u00e4lt\u00e4. RIDE LIKE A GIRL Tyyli\u00e4, vapautta ja suojaa. Ajoasuja ja asusteita naisille jotka ajavat ja&hellip;<\/p>\n","protected":false},"author":1,"featured_media":2095,"parent":0,"menu_order":0,"comment_status":"closed","ping_status":"closed","template":"","meta":{"footnotes":""},"class_list":["post-2094","page","type-page","status-publish","has-post-thumbnail","hentry","odd"],"_links":{"self":[{"href":"https:\/\/www.ejmoto.com\/index.php?rest_route=\/wp\/v2\/pages\/2094","targetHints":{"allow":["GET"]}}],"collection":[{"href":"https:\/\/www.ejmoto.com\/index.php?rest_route=\/wp\/v2\/pages"}],"about":[{"href":"https:\/\/www.ejmoto.com\/index.php?rest_route=\/wp\/v2\/types\/page"}],"author":[{"embeddable":true,"href":"https:\/\/www.ejmoto.com\/index.php?rest_route=\/wp\/v2\/users\/1"}],"replies":[{"embeddable":true,"href":"https:\/\/www.ejmoto.com\/index.php?rest_route=%2Fwp%2Fv2%2Fcomments&post=2094"}],"version-history":[{"count":35,"href":"https:\/\/www.ejmoto.com\/index.php?rest_route=\/wp\/v2\/pages\/2094\/revisions"}],"predecessor-version":[{"id":2284,"href":"https:\/\/www.ejmoto.com\/index.php?rest_route=\/wp\/v2\/pages\/2094\/revisions\/2284"}],"wp:featuredmedia":[{"embeddable":true,"href":"https:\/\/www.ejmoto.com\/index.php?rest_route=\/wp\/v2\/media\/2095"}],"wp:attachment":[{"href":"https:\/\/www.ejmoto.com\/index.php?rest_route=%2Fwp%2Fv2%2Fmedia&parent=2094"}],"curies":[{"name":"wp","href":"https:\/\/api.w.org\/{rel}","templated":true}]}}